{"id":1283,"date":"2025-08-17T12:04:01","date_gmt":"2025-08-17T15:04:01","guid":{"rendered":"https:\/\/hokmaimoveis.com.br\/?post_type=product&#038;p=1283"},"modified":"2025-08-17T12:04:01","modified_gmt":"2025-08-17T15:04:01","slug":"galpao-na-rua-goiania-no-taruma","status":"publish","type":"product","link":"https:\/\/hokmaimoveis.com.br\/index.php\/produto\/galpao-na-rua-goiania-no-taruma\/","title":{"rendered":"Galp\u00e3o na Rua Goi\u00e2nia no Tarum\u00e3"},"content":{"rendered":"<p>Excelente oportunidade de\u00a0 venda de galp\u00e3o na\u00a0 rua Goi\u00e2nia no tarum\u00e3, com terreno medindo 8 x 21 = 168 m2 e 168 m2 de \u00e1rea constru\u00edda, altura com 3,80 mts, com escrit\u00f3rio e banheiro,bom para dep\u00f3sitos, lojas, drogaria,comercio em geral.<\/p>\n","protected":false},"excerpt":{"rendered":"<p>Excelente oportunidade de\u00a0 venda de galp\u00e3o na\u00a0 rua Goi\u00e2nia no tarum\u00e3, com terreno medindo 8 x 21 = 168 m2 e 168 m2 de \u00e1rea constru\u00edda, altura com 3,80 mts, com escrit\u00f3rio e banheiro,bom para dep\u00f3sitos, lojas, drogaria,comercio em geral.<\/p>\n","protected":false},"featured_media":1284,"template":"","meta":[],"product_cat":[22,19],"product_tag":[48],"yoast_head":"<!-- This site is optimized with the Yoast SEO plugin v22.6 - https:\/\/yoast.com\/wordpress\/plugins\/seo\/ -->\n<title>Galp\u00e3o na Rua Goi\u00e2nia no Tarum\u00e3 - Hokma Imoveis<\/title>\n<meta name=\"robots\" content=\"index, follow, max-snippet:-1, max-image-preview:large, max-video-preview:-1\" \/>\n<link rel=\"canonical\" href=\"https:\/\/hokmaimoveis.com.br\/index.php\/produto\/galpao-na-rua-goiania-no-taruma\/\" \/>\n<meta property=\"og:locale\" content=\"pt_BR\" \/>\n<meta property=\"og:type\" content=\"article\" \/>\n<meta property=\"og:title\" content=\"Galp\u00e3o na Rua Goi\u00e2nia no Tarum\u00e3 - Hokma Imoveis\" \/>\n<meta property=\"og:description\" content=\"Excelente oportunidade de\u00a0 venda de galp\u00e3o na\u00a0 rua Goi\u00e2nia no tarum\u00e3, com terreno medindo 8 x 21 = 168 m2 e 168 m2 de \u00e1rea constru\u00edda, altura com 3,80 mts, com escrit\u00f3rio e banheiro,bom para dep\u00f3sitos, lojas, drogaria,comercio em geral.\" \/>\n<meta property=\"og:url\" content=\"https:\/\/hokmaimoveis.com.br\/index.php\/produto\/galpao-na-rua-goiania-no-taruma\/\" \/>\n<meta property=\"og:site_name\" content=\"Hokma Imoveis\" \/>\n<meta property=\"article:publisher\" content=\"https:\/\/www.facebook.com\/hokmaimoveis\" \/>\n<meta property=\"og:image\" content=\"https:\/\/hokmaimoveis.com.br\/wp-content\/uploads\/2025\/08\/01-1-scaled.jpg\" \/>\n\t<meta property=\"og:image:width\" content=\"1928\" \/>\n\t<meta property=\"og:image:height\" content=\"2560\" \/>\n\t<meta property=\"og:image:type\" content=\"image\/jpeg\" \/>\n<meta name=\"twitter:card\" content=\"summary_large_image\" \/>\n<meta name=\"twitter:label1\" content=\"Est. tempo de leitura\" \/>\n\t<meta name=\"twitter:data1\" content=\"1 minuto\" \/>\n<script type=\"application\/ld+json\" class=\"yoast-schema-graph\">{\"@context\":\"https:\/\/schema.org\",\"@graph\":[{\"@type\":\"WebPage\",\"@id\":\"https:\/\/hokmaimoveis.com.br\/index.php\/produto\/galpao-na-rua-goiania-no-taruma\/\",\"url\":\"https:\/\/hokmaimoveis.com.br\/index.php\/produto\/galpao-na-rua-goiania-no-taruma\/\",\"name\":\"Galp\u00e3o na Rua Goi\u00e2nia no Tarum\u00e3 - Hokma Imoveis\",\"isPartOf\":{\"@id\":\"https:\/\/hokmaimoveis.com.br\/#website\"},\"primaryImageOfPage\":{\"@id\":\"https:\/\/hokmaimoveis.com.br\/index.php\/produto\/galpao-na-rua-goiania-no-taruma\/#primaryimage\"},\"image\":{\"@id\":\"https:\/\/hokmaimoveis.com.br\/index.php\/produto\/galpao-na-rua-goiania-no-taruma\/#primaryimage\"},\"thumbnailUrl\":\"https:\/\/hokmaimoveis.com.br\/wp-content\/uploads\/2025\/08\/01-1-scaled.jpg\",\"datePublished\":\"2025-08-17T15:04:01+00:00\",\"dateModified\":\"2025-08-17T15:04:01+00:00\",\"breadcrumb\":{\"@id\":\"https:\/\/hokmaimoveis.com.br\/index.php\/produto\/galpao-na-rua-goiania-no-taruma\/#breadcrumb\"},\"inLanguage\":\"pt-BR\",\"potentialAction\":[{\"@type\":\"ReadAction\",\"target\":[\"https:\/\/hokmaimoveis.com.br\/index.php\/produto\/galpao-na-rua-goiania-no-taruma\/\"]}]},{\"@type\":\"ImageObject\",\"inLanguage\":\"pt-BR\",\"@id\":\"https:\/\/hokmaimoveis.com.br\/index.php\/produto\/galpao-na-rua-goiania-no-taruma\/#primaryimage\",\"url\":\"https:\/\/hokmaimoveis.com.br\/wp-content\/uploads\/2025\/08\/01-1-scaled.jpg\",\"contentUrl\":\"https:\/\/hokmaimoveis.com.br\/wp-content\/uploads\/2025\/08\/01-1-scaled.jpg\",\"width\":1928,\"height\":2560,\"caption\":\"hdr\"},{\"@type\":\"BreadcrumbList\",\"@id\":\"https:\/\/hokmaimoveis.com.br\/index.php\/produto\/galpao-na-rua-goiania-no-taruma\/#breadcrumb\",\"itemListElement\":[{\"@type\":\"ListItem\",\"position\":1,\"name\":\"In\u00edcio\",\"item\":\"https:\/\/hokmaimoveis.com.br\/\"},{\"@type\":\"ListItem\",\"position\":2,\"name\":\"Galp\u00e3o na Rua Goi\u00e2nia no Tarum\u00e3\"}]},{\"@type\":\"WebSite\",\"@id\":\"https:\/\/hokmaimoveis.com.br\/#website\",\"url\":\"https:\/\/hokmaimoveis.com.br\/\",\"name\":\"Hokma Imoveis\",\"description\":\"\",\"publisher\":{\"@id\":\"https:\/\/hokmaimoveis.com.br\/#organization\"},\"potentialAction\":[{\"@type\":\"SearchAction\",\"target\":{\"@type\":\"EntryPoint\",\"urlTemplate\":\"https:\/\/hokmaimoveis.com.br\/?s={search_term_string}\"},\"query-input\":\"required name=search_term_string\"}],\"inLanguage\":\"pt-BR\"},{\"@type\":\"Organization\",\"@id\":\"https:\/\/hokmaimoveis.com.br\/#organization\",\"name\":\"Hokma Imoveis\",\"url\":\"https:\/\/hokmaimoveis.com.br\/\",\"logo\":{\"@type\":\"ImageObject\",\"inLanguage\":\"pt-BR\",\"@id\":\"https:\/\/hokmaimoveis.com.br\/#\/schema\/logo\/image\/\",\"url\":\"https:\/\/hokmaimoveis.com.br\/wp-content\/uploads\/2023\/08\/cropped-logomarca.jpg\",\"contentUrl\":\"https:\/\/hokmaimoveis.com.br\/wp-content\/uploads\/2023\/08\/cropped-logomarca.jpg\",\"width\":555,\"height\":407,\"caption\":\"Hokma Imoveis\"},\"image\":{\"@id\":\"https:\/\/hokmaimoveis.com.br\/#\/schema\/logo\/image\/\"},\"sameAs\":[\"https:\/\/www.facebook.com\/hokmaimoveis\",\"https:\/\/www.instagram.com\/hokmaimoveis\/\",\"https:\/\/www.linkedin.com\/in\/elias-fernando-73724962\/\"]}]}<\/script>\n<!-- \/ Yoast SEO plugin. -->","yoast_head_json":{"title":"Galp\u00e3o na Rua Goi\u00e2nia no Tarum\u00e3 - Hokma Imoveis","robots":{"index":"index","follow":"follow","max-snippet":"max-snippet:-1","max-image-preview":"max-image-preview:large","max-video-preview":"max-video-preview:-1"},"canonical":"https:\/\/hokmaimoveis.com.br\/index.php\/produto\/galpao-na-rua-goiania-no-taruma\/","og_locale":"pt_BR","og_type":"article","og_title":"Galp\u00e3o na Rua Goi\u00e2nia no Tarum\u00e3 - Hokma Imoveis","og_description":"Excelente oportunidade de\u00a0 venda de galp\u00e3o na\u00a0 rua Goi\u00e2nia no tarum\u00e3, com terreno medindo 8 x 21 = 168 m2 e 168 m2 de \u00e1rea constru\u00edda, altura com 3,80 mts, com escrit\u00f3rio e banheiro,bom para dep\u00f3sitos, lojas, drogaria,comercio em geral.","og_url":"https:\/\/hokmaimoveis.com.br\/index.php\/produto\/galpao-na-rua-goiania-no-taruma\/","og_site_name":"Hokma Imoveis","article_publisher":"https:\/\/www.facebook.com\/hokmaimoveis","og_image":[{"width":1928,"height":2560,"url":"https:\/\/hokmaimoveis.com.br\/wp-content\/uploads\/2025\/08\/01-1-scaled.jpg","type":"image\/jpeg"}],"twitter_card":"summary_large_image","twitter_misc":{"Est. tempo de leitura":"1 minuto"},"schema":{"@context":"https:\/\/schema.org","@graph":[{"@type":"WebPage","@id":"https:\/\/hokmaimoveis.com.br\/index.php\/produto\/galpao-na-rua-goiania-no-taruma\/","url":"https:\/\/hokmaimoveis.com.br\/index.php\/produto\/galpao-na-rua-goiania-no-taruma\/","name":"Galp\u00e3o na Rua Goi\u00e2nia no Tarum\u00e3 - Hokma Imoveis","isPartOf":{"@id":"https:\/\/hokmaimoveis.com.br\/#website"},"primaryImageOfPage":{"@id":"https:\/\/hokmaimoveis.com.br\/index.php\/produto\/galpao-na-rua-goiania-no-taruma\/#primaryimage"},"image":{"@id":"https:\/\/hokmaimoveis.com.br\/index.php\/produto\/galpao-na-rua-goiania-no-taruma\/#primaryimage"},"thumbnailUrl":"https:\/\/hokmaimoveis.com.br\/wp-content\/uploads\/2025\/08\/01-1-scaled.jpg","datePublished":"2025-08-17T15:04:01+00:00","dateModified":"2025-08-17T15:04:01+00:00","breadcrumb":{"@id":"https:\/\/hokmaimoveis.com.br\/index.php\/produto\/galpao-na-rua-goiania-no-taruma\/#breadcrumb"},"inLanguage":"pt-BR","potentialAction":[{"@type":"ReadAction","target":["https:\/\/hokmaimoveis.com.br\/index.php\/produto\/galpao-na-rua-goiania-no-taruma\/"]}]},{"@type":"ImageObject","inLanguage":"pt-BR","@id":"https:\/\/hokmaimoveis.com.br\/index.php\/produto\/galpao-na-rua-goiania-no-taruma\/#primaryimage","url":"https:\/\/hokmaimoveis.com.br\/wp-content\/uploads\/2025\/08\/01-1-scaled.jpg","contentUrl":"https:\/\/hokmaimoveis.com.br\/wp-content\/uploads\/2025\/08\/01-1-scaled.jpg","width":1928,"height":2560,"caption":"hdr"},{"@type":"BreadcrumbList","@id":"https:\/\/hokmaimoveis.com.br\/index.php\/produto\/galpao-na-rua-goiania-no-taruma\/#breadcrumb","itemListElement":[{"@type":"ListItem","position":1,"name":"In\u00edcio","item":"https:\/\/hokmaimoveis.com.br\/"},{"@type":"ListItem","position":2,"name":"Galp\u00e3o na Rua Goi\u00e2nia no Tarum\u00e3"}]},{"@type":"WebSite","@id":"https:\/\/hokmaimoveis.com.br\/#website","url":"https:\/\/hokmaimoveis.com.br\/","name":"Hokma Imoveis","description":"","publisher":{"@id":"https:\/\/hokmaimoveis.com.br\/#organization"},"potentialAction":[{"@type":"SearchAction","target":{"@type":"EntryPoint","urlTemplate":"https:\/\/hokmaimoveis.com.br\/?s={search_term_string}"},"query-input":"required name=search_term_string"}],"inLanguage":"pt-BR"},{"@type":"Organization","@id":"https:\/\/hokmaimoveis.com.br\/#organization","name":"Hokma Imoveis","url":"https:\/\/hokmaimoveis.com.br\/","logo":{"@type":"ImageObject","inLanguage":"pt-BR","@id":"https:\/\/hokmaimoveis.com.br\/#\/schema\/logo\/image\/","url":"https:\/\/hokmaimoveis.com.br\/wp-content\/uploads\/2023\/08\/cropped-logomarca.jpg","contentUrl":"https:\/\/hokmaimoveis.com.br\/wp-content\/uploads\/2023\/08\/cropped-logomarca.jpg","width":555,"height":407,"caption":"Hokma Imoveis"},"image":{"@id":"https:\/\/hokmaimoveis.com.br\/#\/schema\/logo\/image\/"},"sameAs":["https:\/\/www.facebook.com\/hokmaimoveis","https:\/\/www.instagram.com\/hokmaimoveis\/","https:\/\/www.linkedin.com\/in\/elias-fernando-73724962\/"]}]}},"_links":{"self":[{"href":"https:\/\/hokmaimoveis.com.br\/index.php\/wp-json\/wp\/v2\/product\/1283"}],"collection":[{"href":"https:\/\/hokmaimoveis.com.br\/index.php\/wp-json\/wp\/v2\/product"}],"about":[{"href":"https:\/\/hokmaimoveis.com.br\/index.php\/wp-json\/wp\/v2\/types\/product"}],"version-history":[{"count":1,"href":"https:\/\/hokmaimoveis.com.br\/index.php\/wp-json\/wp\/v2\/product\/1283\/revisions"}],"predecessor-version":[{"id":1294,"href":"https:\/\/hokmaimoveis.com.br\/index.php\/wp-json\/wp\/v2\/product\/1283\/revisions\/1294"}],"wp:featuredmedia":[{"embeddable":true,"href":"https:\/\/hokmaimoveis.com.br\/index.php\/wp-json\/wp\/v2\/media\/1284"}],"wp:attachment":[{"href":"https:\/\/hokmaimoveis.com.br\/index.php\/wp-json\/wp\/v2\/media?parent=1283"}],"wp:term":[{"taxonomy":"product_cat","embeddable":true,"href":"https:\/\/hokmaimoveis.com.br\/index.php\/wp-json\/wp\/v2\/product_cat?post=1283"},{"taxonomy":"product_tag","embeddable":true,"href":"https:\/\/hokmaimoveis.com.br\/index.php\/wp-json\/wp\/v2\/product_tag?post=1283"}],"curies":[{"name":"wp","href":"https:\/\/api.w.org\/{rel}","templated":true}]}}